is the units digit of s?
0
Let o = -158 - -78. What is the tens digit of (-4 + 3)/(2/o)?
4
What is the tens digit of (-8 + -1 + -510)*(-1 + 0)?
1
Suppose -32*l = -28*l - 16. What is the tens digit of l + 48/(-4)*-5?
6
Suppose -3*b - 3*z = 0, 5*z = 3*b - 0*b - 24. Suppose -b*i = -9 - 6. Suppose -g - i*c - 3 = -2, -5*g = 5*c - 75. What is the units digit of g?
9
Let b(c) = 10*c**2 + 11*c + 24. Let p(a) = -3*a**2 - 4*a - 8. Let u be ((-28)/6)/(26/39). Let n(f) = u*p(f) - 2*b(f). What is the units digit of n(-7)?
5
Suppose -751 = -3*c + 701. Suppose -4*y - 2*u = -4*u - c, 5*u = 2*y - 250. What is the tens digit of y?
2
Let x(n) = -n**3 + 8*n**2 - 3*n. Suppose z + 1 = 3*o, 0*o = 4*z + 5*o - 30. What is the tens digit of x(z)?
6
Let y(u) = 2*u**3 + 10*u**2 + 5*u - 11. Let q be y(-6). Let t = 44 - q. What is the hundreds digit of t?
1
Suppose 0 = 3*p + 3*w - 231, p - 5*w - 271 = -2*p. What is the tens digit of p?
8
Let s(k) = 452*k**3 - 3*k**2 + 1. What is the hundreds digit of s(1)?
4
Suppose 3*z - 3653 = -37*g + 36*g, 20 = 4*z. What is the tens digit of g?
3
Let t(a) = 2*a**2 - 8*a + 2. Let r be t(4). Suppose 0 = -o + 4, -r*q - 138 = 3*o - 390. What is the tens digit of q?
2
Let f(q) = 3*q - 2. Let a be 76/2*(3 - 2). Let s be (-7)/14 + a/4. What is the tens digit of f(s)?
2
Suppose 4*w - 15 - 1 = 0, 1429 = 3*f - 2*w. What is the hundreds digit of f?
4
Suppose 418 = -15*f + 17*f. Let g = f - 118. What is the tens digit of g?
9
Suppose 4*a = -4*x + 4, 0 = 3*x - 0*a + a - 1. Let l(k) = k**3 + k - 2. Let v be l(x). What is the units digit of v*(-1)/((-8)/(-20))?
5
Suppose -2*v = -15 - 17. Let c = 134 - 32. Suppose 0 = -4*j - x + c, -v = -3*j - 3*x + 56. What is the tens digit of j?
2
Suppose 0 = -v + 4 - 2, -620 = -i - 3*v. What is the tens digit of i?
1
Suppose 4*k = u - 6 - 8, 2*u - k - 14 = 0. Let l(b) = 5*b**2 - 10*b + 17. What is the hundreds digit of l(u)?
1
Let d(b) = 11*b**2 + b + 2. What is the tens digit of d(5)?
8
Let o = 27 - 43. Let s be (12/8)/((-6)/o). Suppose g + s*g - 85 = 0. What is the units digit of g?
7
Let s = 2017 - 1180. What is the tens digit of s?
3
Let l(f) = 8*f - f**3 + 13*f**2 + 0 - 9*f**2 - 14 - 15*f**2. What is the units digit of l(-12)?
4
Suppose 5*v - v - 24 = 0. Suppose 2*h + 12 = v*h. Suppose d = -h*t + 2, -3*d - d = t - 52. What is the units digit of d?
4
Suppose -3*w + 36 = n - 4*n, -2*n = 5*w - 25. Suppose 100 = -w*h + 9*h. What is the tens digit of h?
5
Let c = 11 - 4. Let u(d) = -d**3 + 7*d**2 + 9*d + 1. What is the tens digit of u(c)?
6
Suppose 2*r = 4*p + 3*r - 1870, -p + 2*r = -472. Suppose -41*m - p = -44*m. What is the units digit of m?
6
Suppose -3*z - 1427 = -5*v, -4*v - 4*z = -727 - 389. What is the tens digit of v?
8
Suppose 0 = 5*l - 25*l + 32100. What is the tens digit of l?
0
Suppose -5*a + 978 - 184 = -2*s, 2*a - 5*s - 326 = 0. What is the units digit of a + 3 + (0 - 2)?
9
What is the units digit of 2/(4/6) - (-629 - -18)?
4
Let v = -777 + 1775. What is the tens digit of v?
9
Suppose 0 = 5*y + 2*q + 270 - 2450, -y + 3*q = -419. Suppose -4*g - 2*w + y = 0, -3*w - 14 + 115 = g. What is the units digit of g?
0
Let r(i) = i**2 + 145. Let f be r(0). Suppose -3*l - 5*s + f = 0, 0 = -2*l + l - s + 47. Suppose l = -3*d + 6*d. What is the tens digit of d?
1
Suppose 0 = 4*p + h - 29 - 44, -5*h + 93 = 4*p. Suppose -p*i = 202 - 3449. What is the units digit of i?
1
Suppose 2*n - 4*s - 1232 = 0, 0*s - 5*s = 25. Suppose n = 5*h + 111. What is the units digit of h?
9
What is the hundreds digit of -6 + (-14)/(-2) - -812?
8
Let z(i) = -6*i - 37. Let n = -9 + -6. What is the units digit of z(n)?
3
Suppose 0 = -8*f - 769 + 2681. What is the hundreds digit of f?
2
Let n be 63/(-9)*3/(-7). Let o(t) = 4*t**3 + t**2 + 5*t. Let h be o(n). Suppose 0 = v + 5*v - h. What is the tens digit of v?
2
Let u = -86 - -182. Suppose -u = -8*g + 304. What is the tens digit of g?
5
Let b be 30/18*1*-3*-10. Let s be (-3 - -1) + 1 + 5. Suppose 2*l - b = -s*r, 2*l - 46 = l + 5*r. What is the units digit of l?
1
What is the units digit of (-10 + -3656)*(-2)/2?
6
Suppose -84 = -3*g - 4*g. What is the units digit of 6 + (g/3)/(-4)?
5
Let u(q) be the second derivative of q**5/10 - 7*q**4/12 - 5*q**2/2 - 9*q. What is the units digit of u(5)?
0
Let q(h) = h**2 - 11*h - 7. Let l be q(13). Let n = l - 24. Let r(z) = 4*z**2 + 7*z + 2. What is the tens digit of r(n)?
6
Let q(j) = 4*j**3 - j**2 - 2. Let l be q(2). Suppose -2*u = -3*u - z + 3, 2*u - 2*z = l. What is the units digit of u?
8
Suppose 0 = -j + 4*n + 55, 128 = 5*j - 3*n - 164. Let o = j + -49. What is the units digit of o?
0
Let h(y) = 2*y**2 + 2*y - 1. Let p = 25 + -11. Suppose 5*v - 24 = -4*c, -2*v + p = 3*c + 3. What is the units digit of h(c)?
3
Suppose 4*r = 312 + 1604. What is the tens digit of r?
7
Suppose 0 = -4*o - 1145 + 4881. What is the tens digit of o?
3
Let d(x) = -x**3 + 8*x**2 + 4*x - 17. What is the tens digit of d(7)?
6
Let r(q) = -q**3 + 6*q**2 - 6*q + 7. Let o be r(5). Suppose -3*n - 102 = -o*i, 0 = -i - n - 0*n + 61. What is the units digit of i?
7
Suppose -9*c + 79 = -137. What is the tens digit of c?
2
Suppose -31*a = -32*a. What is the hundreds digit of (a - -3) + 143 + (-5 - -3)?
1
Suppose f - b - 12 = -2*f, 5*b + 16 = 4*f. Suppose -27 = -2*a + u + 2*u, -f*a + 3*u + 63 = 0. Suppose 24 + a = 2*k. What is the units digit of k?
1
Suppose 17*u - 10585 = 448. What is the units digit of u?
9
Let a = -228 - -534. What is the hundreds digit of a?
3
Let y be 10/25 + 1178/5. Suppose 9*q - g = 4*q + 1213, 2*g = -q + y. What is the tens digit of q?
4
Suppose -d + 408 = 5*d. Let s(p) = p**2 + 3*p - 14. Let m be s(10). Let l = m - d. What is the units digit of l?
8
Suppose -12*i + 5873 + 32851 = 0. What is the hundreds digit of i?
2
Let s = 8 - 4. Let m be (2/s)/((-1)/(-8)). Suppose -2*g + 6 = -m. What is the units digit of g?
5
Suppose -k - k = -5*b - 24, 4*k - b = 30. Suppose 5 = 6*h - k. What is the units digit of h?
2
Let z = 67 - 63. Suppose -11 - 81 = -o + r, r + 353 = z*o. What is the tens digit of o?
8
Let t(l) = l**2 - 11*l - 5. Let j be t(7). Let p be (-6)/j + (-40)/(-22). Let o(x) = 9*x**2 + x. What is the units digit of o(p)?
8
Suppose 10 = -3*s - 155. Let l = s - -77. What is the units digit of l?
2
Suppose -145 = -5*c + 4*q, -43 = -c - 2*q - 0*q. Let b be (-2)/(-6) - c/(-9). Let d = 21 - b. What is the units digit of d?
7
Let i(k) = -720*k - 60. What is the thousands digit of i(-5)?
3
Let f(i) = -i**3 - 12*i**2 + 2*i + 29. Let c be f(-12). Suppose 0*r + 3*r + 3*m - 177 = 0, c*r = 4*m + 322. What is the units digit of r?
2
Let d(p) = 402*p - 27. Let t be d(-12). What is the units digit of (t/(-196))/(-1 + 11/8)?
6
Let m = 188 - 317. Let c = m - -330. What is the units digit of c?
1
Let p = 6 - -9. Let d(z) = -z**3 + 15*z**2 - z + 19. Let x be d(p). Let n = 7 - x. What is the units digit of n?
3
What is the thousands digit of 9793/7 - (-6)/(2/2)?
1
What is the units digit of 4/(-14) - 108018/(-126)?
7
Let p = -189 + 449. What is the tens digit of p?
6
Let c(u) = -247*u + 24. What is the hundreds digit of c(-1)?
2
Let g(b) = -b**3 + 8*b - 3. Let h(i) = i**2 - 7*i + 3. Let n(d) = -2*g(d) - 3*h(d). Let a be n(2). Suppose 2*p - 35 = -a. What is the tens digit of p?
1
Let o = 16 - 11. Let m = o + -11. Let w(b) = b + 10. What is the units digit of w(m)?
4
Let k(z) = z**2 - 20*z + 64. What is the tens digit of k(20)?
6
Suppose -4*g + 4*z = -12, 3*g + 2*g = 3*z + 15. Suppose -s = 1 - g. Suppose -7*y + 195 = -s*y. What is the tens digit of y?
3
Let s(m) = 3*m + 3. Suppose -6*z + z = 4*u - 44, 3*u - 4*z = 33. Let k be s(u). Suppose 3*f - k + 30 = 0. What is the units digit of f?
2
Suppose -5*c + 3*h - 282 = -6448, 2*h - 2476 = -2*c. What is the units digit of c?
5
Suppose 4*u - 46 = 3*a, -a + 3*u = -5*a - 53. Let k = 14 + a. Suppose 5*q - 64 = -2*h, 2*h + k*q = 2*q + 36. What is the tens digit of h?
2
Suppose 3*n = -5*x - 0*n + 6075, 2*n + 3664 = 3*x. What is the tens digit of x?
1
Suppose 3*z + 0*z = 4*i - 1448, 1811 = 5*i - 4*z. What is the tens digit of i?
5
Suppose 5*c - 4*n = 1887, 0 = 2*n - 0 - 4. What is the units digit of c?
9
What is the thousands digit of ((-12)/(-1))/((4 - -5)/1332)?
1
Suppose 14 + 14 = 7*p. Suppose -192 = -2*w - p*w. Let u = 32 + w. What is th